{"id":319,"date":"2021-06-13T10:00:58","date_gmt":"2021-06-13T08:00:58","guid":{"rendered":"https:\/\/www.bibifood.sk\/?page_id=319"},"modified":"2021-06-16T18:42:50","modified_gmt":"2021-06-16T16:42:50","slug":"silmark-omega-3-6-9-30-kapsul","status":"publish","type":"page","link":"https:\/\/www.bibifood.sk\/index.php\/silmark-omega-3-6-9-30-kapsul\/","title":{"rendered":"SILMARK Omega 3-6-9 30 kaps\u00fal"},"content":{"rendered":"\t\t<div data-elementor-type=\"wp-page\" data-elementor-id=\"319\" class=\"elementor elementor-319\">\n\t\t\t\t\t\t\t\t\t<section class=\"elementor-section elementor-top-section elementor-element elementor-element-c02858e elementor-section-height-min-height elementor-section-content-middle elementor-section-boxed elementor-section-height-default elementor-section-items-middle\" data-id=\"c02858e\" data-element_type=\"section\" data-settings=\"{&quot;background_background&quot;:&quot;classic&quot;,&quot;shape_divider_bottom&quot;:&quot;waves&quot;,&quot;shape_divider_bottom_negative&quot;:&quot;yes&quot;}\">\n\t\t\t\t\t\t\t<div class=\"elementor-background-overlay\"><\/div>\n\t\t\t\t\t\t<div class=\"elementor-shape elementor-shape-bottom\" data-negative=\"true\">\n\t\t\t<svg xmlns=\"http:\/\/www.w3.org\/2000\/svg\" viewBox=\"0 0 1000 100\" preserveAspectRatio=\"none\">\n\t<path class=\"elementor-shape-fill\" d=\"M790.5,93.1c-59.3-5.3-116.8-18-192.6-50c-29.6-12.7-76.9-31-100.5-35.9c-23.6-4.9-52.6-7.8-75.5-5.3\n\tc-10.2,1.1-22.6,1.4-50.1,7.4c-27.2,6.3-58.2,16.6-79.4,24.7c-41.3,15.9-94.9,21.9-134,22.6C72,58.2,0,25.8,0,25.8V100h1000V65.3\n\tc0,0-51.5,19.4-106.2,25.7C839.5,97,814.1,95.2,790.5,93.1z\"\/>\n<\/svg>\t\t<\/div>\n\t\t\t\t\t<div class=\"elementor-container elementor-column-gap-default\">\n\t\t\t\t\t<div class=\"elementor-column elementor-col-100 elementor-top-column elementor-element elementor-element-295defc\" data-id=\"295defc\" data-element_type=\"column\">\n\t\t\t<div class=\"elementor-widget-wrap elementor-element-populated\">\n\t\t\t\t\t\t\t\t<div class=\"elementor-element elementor-element-b842a7d elementor-invisible elementor-widget elementor-widget-text-editor\" data-id=\"b842a7d\" data-element_type=\"widget\" data-settings=\"{&quot;_animation&quot;:&quot;fadeIn&quot;}\" data-widget_type=\"text-editor.default\">\n\t\t\t\t<div class=\"elementor-widget-container\">\n\t\t\t\t\t\t\t<p>SILMARK Omega 3-6-9 30 kaps\u00fal<\/p>\t\t\t\t\t\t<\/div>\n\t\t\t\t<\/div>\n\t\t\t\t\t<\/div>\n\t\t<\/div>\n\t\t\t\t\t\t\t<\/div>\n\t\t<\/section>\n\t\t\t\t<section class=\"elementor-section elementor-top-section elementor-element elementor-element-b0d48b3 elementor-section-boxed elementor-section-height-default elementor-section-height-default\" data-id=\"b0d48b3\" data-element_type=\"section\">\n\t\t\t\t\t\t<div class=\"elementor-container elementor-column-gap-default\">\n\t\t\t\t\t<div class=\"elementor-column elementor-col-100 elementor-top-column elementor-element elementor-element-ebbb1e9\" data-id=\"ebbb1e9\" data-element_type=\"column\">\n\t\t\t<div class=\"elementor-widget-wrap elementor-element-populated\">\n\t\t\t\t\t\t\t\t<div class=\"elementor-element elementor-element-a928d5a elementor-widget elementor-widget-image\" data-id=\"a928d5a\" data-element_type=\"widget\" data-widget_type=\"image.default\">\n\t\t\t\t<div class=\"elementor-widget-container\">\n\t\t\t\t\t\t\t\t\t\t\t\t\t\t\t<img width=\"300\" height=\"300\" src=\"https:\/\/www.bibifood.sk\/wp-content\/uploads\/2021\/06\/SILMARK-OMEGA-3-6-9-300x300.jpg\" class=\"attachment-medium size-medium wp-image-194\" alt=\"\" loading=\"lazy\" srcset=\"https:\/\/www.bibifood.sk\/wp-content\/uploads\/2021\/06\/SILMARK-OMEGA-3-6-9-300x300.jpg 300w, https:\/\/www.bibifood.sk\/wp-content\/uploads\/2021\/06\/SILMARK-OMEGA-3-6-9-150x150.jpg 150w, https:\/\/www.bibifood.sk\/wp-content\/uploads\/2021\/06\/SILMARK-OMEGA-3-6-9-768x768.jpg 768w, https:\/\/www.bibifood.sk\/wp-content\/uploads\/2021\/06\/SILMARK-OMEGA-3-6-9.jpg 800w\" sizes=\"(max-width: 300px) 100vw, 300px\" \/>\t\t\t\t\t\t\t\t\t\t\t\t\t\t\t<\/div>\n\t\t\t\t<\/div>\n\t\t\t\t\t<\/div>\n\t\t<\/div>\n\t\t\t\t\t\t\t<\/div>\n\t\t<\/section>\n\t\t\t\t<section class=\"elementor-section elementor-top-section elementor-element elementor-element-65a2a38 elementor-section-boxed elementor-section-height-default elementor-section-height-default\" data-id=\"65a2a38\" data-element_type=\"section\">\n\t\t\t\t\t\t<div class=\"elementor-container elementor-column-gap-default\">\n\t\t\t\t\t<div class=\"elementor-column elementor-col-100 elementor-top-column elementor-element elementor-element-5299f94\" data-id=\"5299f94\" data-element_type=\"column\">\n\t\t\t<div class=\"elementor-widget-wrap elementor-element-populated\">\n\t\t\t\t\t\t\t\t<div class=\"elementor-element elementor-element-b228471 elementor-widget elementor-widget-text-editor\" data-id=\"b228471\" data-element_type=\"widget\" data-widget_type=\"text-editor.default\">\n\t\t\t\t<div class=\"elementor-widget-container\">\n\t\t\t\t\t\t\t<div class=\"woocommerce-product-details__short-description\"><p>Kyseliny omega-3, omega-6 a omega-9 s\u00fa pre na\u0161e spr\u00e1vne fungovanie nevyhnutn\u00e9, ale na\u0161e telo si ich nedok\u00e1\u017ee samo vyrobi\u0165, preto ich mus\u00edme dod\u00e1va\u0165 zvonka.\u00a0Tieto zdrav\u00e9 tuky maj\u00fa v tele mno\u017estvo prospe\u0161n\u00fdch funkci\u00ed, preto by ste sa o ne mali stara\u0165 v spr\u00e1vnom mno\u017estve.<\/p><p>Omega-3 mastn\u00e9 kyseliny patria medzi najob\u013e\u00fabenej\u0161ie zo skupiny omega, s\u00fa zodpovedn\u00e9 okrem in\u00e9ho za spomalenie procesov starnutia tela, regul\u00e1ciu krvn\u00e9ho tlaku, lep\u0161iu funkciu mozgu alebo r\u00fdchlej\u0161\u00ed rast a regener\u00e1ciu svalov.\u00a0Okrem toho zlep\u0161uj\u00fa zrak, podporuj\u00fa fungovanie imunitn\u00e9ho syst\u00e9mu a pou\u017e\u00edvaj\u00fa sa na lie\u010dbu v\u00fdkyvov n\u00e1lady a depresi\u00ed.\u00a0Vykazuj\u00fa antikoagula\u010dn\u00e9 a protiz\u00e1palov\u00e9 vlastnosti a tie\u017e podporuj\u00fa procesy redukcie tukov, tak\u017ee ich m\u00f4\u017eu pou\u017e\u00edva\u0165 \u013eudia s di\u00e9tou.<\/p><p>Omega-6 mastn\u00e9 kyseliny s\u00fa u\u017eito\u010dn\u00e9 v prevencii rakoviny, preto\u017ee brzdia ich v\u00fdvoj.\u00a0Vyzna\u010duj\u00fa sa tie\u017e radom \u010fal\u0161\u00edch vlastnost\u00ed, ako je regul\u00e1cia hladiny cholesterolu v krvi, zlep\u0161ovanie stavu vlasov, poko\u017eky a nechtov.\u00a0Zni\u017euj\u00fa riziko srdcov\u00e9ho infarktu a mozgovej pr\u00edhody.<\/p><p>Omega-9 mastn\u00e9 kyseliny zni\u017euj\u00fa hladinu triglyceridov a zl\u00e9ho cholesterolu.\u00a0P\u00f4sobia ako siln\u00fd antioxidant na poko\u017eku, \u010distia ju od tox\u00ednov, v\u010faka \u010domu sa jej stav v\u00fdrazne zlep\u0161uje.\u00a0Na\u0161e telo je schopn\u00e9 samo si produkova\u0165 omega-9 kyseliny, ale len v malom mno\u017estve a iba s vyu\u017eit\u00edm \u010fal\u0161\u00edch omega kysel\u00edn.\u00a0Aby sa dokon\u010dil dopyt po tejto zlo\u017eke, mala by sa dod\u00e1va\u0165 zvonka.<\/p><p><strong>Forma produktu:<\/strong><\/p><p>softgel<\/p><p><strong>Po\u010det porci\u00ed:<\/strong><\/p><p>tridsa\u0165<\/p><p><strong>Po\u010det polo\u017eiek:<\/strong><\/p><p>tridsa\u0165<\/p><p><strong>\u010cist\u00e1 hmotnos\u0165:<\/strong><\/p><p>40 g<\/p><p><strong>Dominantn\u00e1 zlo\u017eka:<\/strong><\/p><p>ryb\u00ed olej<\/p><p><strong>EAN k\u00f3d:<\/strong><\/p><p><strong>\u00a0<\/strong><\/p><h3>SILMARK Omega 3-6-9 30 kaps\u00fal<\/h3><p><strong>SILMARK Omega 3-6-9 je doplnok v\u00fd\u017eivy v kapsul\u00e1ch obsahuj\u00facich omega 3 mastn\u00e9 kyseliny (EPA, DHA, ALA), Omega 6 (LA) a Omega 9 (OA), obohaten\u00e9 o vitam\u00edn E. Omega 3, omega 6 a omega mastn\u00e9 kyseliny 9 s\u00fa esenci\u00e1lne nenas\u00fdten\u00e9 mastn\u00e9 kyseliny.\u00a0Spr\u00e1vny pomer v\u0161etk\u00fdch nenas\u00fdten\u00fdch mastn\u00fdch kysel\u00edn je ve\u013emi d\u00f4le\u017eit\u00fd, preto\u017ee ka\u017ed\u00e1 z nich hr\u00e1 v tele in\u00fa \u00falohu.<\/strong><\/p><ul><li>Obsahuje 30 porci\u00ed v balen\u00ed<\/li><li>1 porcia = 1 kapsula<\/li><li>3 frakcie OMEGA 3-6-9<\/li><li>NAJPRED\u00c1VANEJ\u0160\u00cd<\/li><\/ul><p>\u00a0<\/p><h3>OMEGA 3<\/h3><p>Omega 3 mastn\u00e9 kyseliny zni\u017euj\u00fa hladinu zl\u00e9ho cholesterolu (LDL), a t\u00fdm zvy\u0161uj\u00fa hladinu<\/p><p>dobr\u00e9ho (HDL).\u00a0Zni\u017euj\u00fa hlavne hladinu triglyceridov.\u00a0Najd\u00f4le\u017eitej\u0161ie z nich \u2013 DHA a EPA kyseliny s\u00fa jedine\u010dn\u00fdmi stavebn\u00fdmi kame\u0148mi na\u0161ich buniek.\u00a0V\u010faka nim bunkov\u00e1 membr\u00e1na lep\u0161ie funguje, \u010do zlep\u0161uje v\u0161etky \u017eivotn\u00e9 procesy od po\u010datia.\u00a0Zvy\u0161uj\u00fa imunitu tela a s\u00fa tie\u017e nevyhnutn\u00e9 pre formovanie a \u010dinnos\u0165 mozgu od za\u010diatku \u017eivota plodu.<\/p><h3>OMEGA 6<\/h3><p>Omega 6 kyseliny s\u00fa stavebn\u00fdmi jednotkami buniek, podie\u013eaj\u00fa sa na produkcii mnoh\u00fdch<\/p><p>horm\u00f3nov vr\u00e1tane neurotransmiterov (spojov medzi nervov\u00fdmi bunkami v mozgu) a prispievaj\u00fa k zlep\u0161eniu fungovania centr\u00e1lneho nervov\u00e9ho syst\u00e9mu.\u00a0Tieto kyseliny s\u00fa d\u00f4le\u017eitou s\u00fa\u010das\u0165ou bunkov\u00fdch membr\u00e1n, podporuj\u00fa imunitu a zlep\u0161uj\u00fa pr\u00e1cu nervov\u00e9ho syst\u00e9mu.<\/p><h3>OMEGA 9<\/h3><p>Omega-9 mastn\u00e9 kyseliny zni\u017euj\u00fa celkov\u00fd a zl\u00fd (LDL) cholesterol bez zni\u017eovania dobr\u00e9ho (HDL) cholesterolu.\u00a0S\u00fa stavebnou l\u00e1tkou ka\u017edej bunky a pom\u00e1haj\u00fa udr\u017eiava\u0165 norm\u00e1lny krvn\u00fd tlak.<\/p><p>\u00a0<\/p><p>Omega 3-6-9 bola navy\u0161e obohaten\u00e1 o vitam\u00edn E, ktor\u00fd pom\u00e1ha chr\u00e1ni\u0165 bunky pred oxida\u010dn\u00fdm stresom.\u00a0Tento doplnok sa odpor\u00fa\u010da v\u0161etk\u00fdm \u013eu\u010fom, ktor\u00ed chc\u00fa zlep\u0161i\u0165 svoju pohodu a fungovanie tela.\u00a0Pravideln\u00e9 u\u017e\u00edvanie Omega 3 prispieva k zlep\u0161eniu fyzick\u00e9ho aj psychick\u00e9ho stavu tela<\/p><h3>Vlastnosti\u00a0 SILMARK\u00a0\u00a0 OMEGA 3-6-9<\/h3><ul><li>Pom\u00e1ha udr\u017eiava\u0165 spr\u00e1vnu hladinu cholesterolu<\/li><li>Pom\u00e1ha zlep\u0161ova\u0165 pr\u00e1cu centr\u00e1lneho nervov\u00e9ho syst\u00e9mu<\/li><li>Podporuje lep\u0161ie fungovanie bunkovej membr\u00e1ny n\u00e1\u0161ho tela<\/li><li>Mnoho \u0161t\u00fadi\u00ed dokazuje, \u017ee Omega 3 prispieva k zn\u00ed\u017eeniu triglyceridov v krvi<\/li><li>Je protiz\u00e1palov\u00fd na z\u00e1klade konkurencie pomeru Omega 3 k Omega 6<\/li><li>Je hlavn\u00fdm stavebn\u00fdm prvkom na\u0161ich bunkov\u00fdch membr\u00e1n<\/li><li>Poskytuje im kysl\u00edk a \u017eiviny<\/li><\/ul><h3>Laborat\u00f3rne potvrden\u00e1 kvalita<\/h3><p><strong>Z d\u00f4vodu ochrany zdravia na\u0161ich z\u00e1kazn\u00edkov s\u00fa na\u0161e v\u00fdrobky pravidelne testovan\u00e9 v <\/strong><\/p><p><strong>nez\u00e1vislom akreditovanom laborat\u00f3riu s cie\u013eom zabezpe\u010di\u0165 a udr\u017ea\u0165 najvy\u0161\u0161iu kvalitu.<\/strong><\/p><p><strong>\u00a0<\/strong><\/p><p><strong>\u00a0<\/strong><\/p><p><strong>Met\u00f3da pou\u017eitia<\/strong><\/p><p>Konzumujte 1 d\u00e1vku (1 kapsulu) denne, najlep\u0161ie po jedle.\u00a0Zapite dostato\u010dn\u00fdm mno\u017estvom vody.<\/p><p>Neprekra\u010dujte odpor\u00fa\u010dan\u00fa denn\u00fa d\u00e1vku.\u00a0Doplnok v\u00fd\u017eivy nemo\u017eno pou\u017ei\u0165 ako n\u00e1hradu (n\u00e1hradu) pestrej stravy.\u00a0Odpor\u00fa\u010da sa vyv\u00e1\u017een\u00e1 strava a zdrav\u00fd \u017eivotn\u00fd \u0161t\u00fdl.\u00a0Nejedzte, ak ste alergick\u00fd na niektor\u00fa zo zlo\u017eiek lieku.\u00a0V\u00fdrobok by nemali pou\u017e\u00edva\u0165 deti, tehotn\u00e9 \u017eeny a doj\u010diace matky.\u00a0Skladujte mimo dosahu mal\u00fdch det\u00ed.<\/p><p><strong>Inform\u00e1cie o v\u00fd\u017eivovej hodnote<\/strong><\/p><h3><strong>Zlo\u017eenie<\/strong><\/h3><p>Olej,\u00a0<strong>ryb\u00ed<\/strong>\u00a0olej, \u013eanov\u00fd olej, slne\u010dnicov\u00fd olej, \u017eelat\u00edna, zvlh\u010dovadlo \u2013 glycerol;\u00a0voda;\u00a0DL-alfa-tokoferylacet\u00e1t (vitam\u00edn E).<\/p><p>V\u00fdrobok m\u00f4\u017ee obsahova\u0165 mlieko (vr\u00e1tane lakt\u00f3zy), s\u00f3jov\u00e9 b\u00f4by, ara\u0161idy, in\u00e9 orechy, sezamov\u00e9 semia\u010dko, ovos, vajcia, k\u00f4rovce, ryby.<\/p><p>\u00a0<\/p><h3><strong>Nutri\u010dn\u00e1 hodnota<\/strong><\/h3><p>\u010cist\u00e1 hmotnos\u0165 balenia: 40 g<\/p><p>Po\u010det porci\u00ed v balen\u00ed: 30<\/p><p>Ve\u013ekos\u0165 d\u00e1vky: 1 kapsula<\/p><\/div>\t\t\t\t\t\t<\/div>\n\t\t\t\t<\/div>\n\t\t\t\t\t<\/div>\n\t\t<\/div>\n\t\t\t\t\t\t\t<\/div>\n\t\t<\/section>\n\t\t\t\t<section class=\"elementor-section elementor-top-section elementor-element elementor-element-0279a5c elementor-section-boxed elementor-section-height-default elementor-section-height-default\" data-id=\"0279a5c\" data-element_type=\"section\">\n\t\t\t\t\t\t<div class=\"elementor-container elementor-column-gap-default\">\n\t\t\t\t\t<div class=\"elementor-column elementor-col-100 elementor-top-column elementor-element elementor-element-bfd277a\" data-id=\"bfd277a\" data-element_type=\"column\">\n\t\t\t<div class=\"elementor-widget-wrap elementor-element-populated\">\n\t\t\t\t\t\t\t\t<div class=\"elementor-element elementor-element-d7e38b3 elementor-widget elementor-widget-image\" data-id=\"d7e38b3\" data-element_type=\"widget\" data-widget_type=\"image.default\">\n\t\t\t\t<div class=\"elementor-widget-container\">\n\t\t\t\t\t\t\t\t\t\t\t\t\t\t\t<img width=\"800\" height=\"432\" src=\"https:\/\/www.bibifood.sk\/wp-content\/uploads\/2021\/06\/Screenshot-2021-06-13-at-10-02-53-SILMARK-Omega-3-6-9-30-kapsul-\u2013-SILMARK-s-r-o-.png\" class=\"attachment-large size-large wp-image-321\" alt=\"\" loading=\"lazy\" srcset=\"https:\/\/www.bibifood.sk\/wp-content\/uploads\/2021\/06\/Screenshot-2021-06-13-at-10-02-53-SILMARK-Omega-3-6-9-30-kapsul-\u2013-SILMARK-s-r-o-.png 999w, https:\/\/www.bibifood.sk\/wp-content\/uploads\/2021\/06\/Screenshot-2021-06-13-at-10-02-53-SILMARK-Omega-3-6-9-30-kapsul-\u2013-SILMARK-s-r-o--300x162.png 300w, https:\/\/www.bibifood.sk\/wp-content\/uploads\/2021\/06\/Screenshot-2021-06-13-at-10-02-53-SILMARK-Omega-3-6-9-30-kapsul-\u2013-SILMARK-s-r-o--768x414.png 768w\" sizes=\"(max-width: 800px) 100vw, 800px\" \/>\t\t\t\t\t\t\t\t\t\t\t\t\t\t\t<\/div>\n\t\t\t\t<\/div>\n\t\t\t\t\t<\/div>\n\t\t<\/div>\n\t\t\t\t\t\t\t<\/div>\n\t\t<\/section>\n\t\t\t\t<section class=\"elementor-section elementor-top-section elementor-element elementor-element-9d5b5bf elementor-section-content-middle elementor-section-boxed elementor-section-height-default elementor-section-height-default\" data-id=\"9d5b5bf\" data-element_type=\"section\">\n\t\t\t\t\t\t<div class=\"elementor-container elementor-column-gap-default\">\n\t\t\t\t\t<div class=\"elementor-column elementor-col-25 elementor-top-column elementor-element elementor-element-56010b6\" data-id=\"56010b6\" data-element_type=\"column\">\n\t\t\t<div class=\"elementor-widget-wrap elementor-element-populated\">\n\t\t\t\t\t\t\t\t<div class=\"elementor-element elementor-element-b68267b elementor-widget elementor-widget-text-editor\" data-id=\"b68267b\" data-element_type=\"widget\" data-widget_type=\"text-editor.default\">\n\t\t\t\t<div class=\"elementor-widget-container\">\n\t\t\t\t\t\t\t<p><a href=\"https:\/\/www.bibifood.sk\/index.php\/vseobecne-obchodne-a-reklamacne-podmienky\/\" target=\"_blank\" rel=\"noopener\">V\u0161eobecn\u00e9 obchodn\u00e9 podmienky<\/a><\/p><p><a href=\"https:\/\/www.bibifood.sk\/index.php\/kontaktujte-nas\/\" target=\"_blank\" rel=\"noopener\">Nap\u00ed\u0161te n\u00e1m<\/a><\/p>\t\t\t\t\t\t<\/div>\n\t\t\t\t<\/div>\n\t\t\t\t<div class=\"elementor-element elementor-element-2efde01 elementor-widget elementor-widget-text-editor\" data-id=\"2efde01\" data-element_type=\"widget\" data-widget_type=\"text-editor.default\">\n\t\t\t\t<div class=\"elementor-widget-container\">\n\t\t\t\t\t\t\t<p>Kontakt:<br \/>SILMARK SK s.r.o.<br \/>Po\u013en\u00e1 850\/4<br \/>Ve\u013ek\u00fd Krt\u00ed\u0161 99001<\/p>\t\t\t\t\t\t<\/div>\n\t\t\t\t<\/div>\n\t\t\t\t\t<\/div>\n\t\t<\/div>\n\t\t\t\t<div class=\"elementor-column elementor-col-25 elementor-top-column elementor-element elementor-element-4188047\" data-id=\"4188047\" data-element_type=\"column\">\n\t\t\t<div class=\"elementor-widget-wrap elementor-element-populated\">\n\t\t\t\t\t\t\t\t<div class=\"elementor-element elementor-element-fd7cac3 elementor-widget elementor-widget-wp-widget-zoom-social-icons-widget\" data-id=\"fd7cac3\" data-element_type=\"widget\" data-widget_type=\"wp-widget-zoom-social-icons-widget.default\">\n\t\t\t\t<div class=\"elementor-widget-container\">\n\t\t\t<h5>Sleduj n\u00e1s<\/h5>\n\t\t\n<ul class=\"zoom-social-icons-list zoom-social-icons-list--with-canvas zoom-social-icons-list--round zoom-social-icons-list--no-labels\">\n\n\t\t\n\t\t\t\t<li class=\"zoom-social_icons-list__item\">\n\t\t<a class=\"zoom-social_icons-list__link\" href=\"https:\/\/www.facebook.com\/bibifood.sk\/\" target=\"_blank\" title=\"Facebook\" >\n\t\t\t\t\t\t\t\t\t\n\t\t\t\t\t\t<span class=\"screen-reader-text\">facebook<\/span>\n\t\t\t\n\t\t\t\t\t\t<span class=\"zoom-social_icons-list-span social-icon socicon socicon-facebook\" data-hover-rule=\"background-color\" data-hover-color=\"#1877F2\" style=\"background-color : #1877F2; font-size: 18px; padding:8px\" ><\/span>\n\t\t\t\n\t\t\t\t\t<\/a>\n\t<\/li>\n\n\t\n\t\t\t\t<li class=\"zoom-social_icons-list__item\">\n\t\t<a class=\"zoom-social_icons-list__link\" href=\"https:\/\/www.youtube.com\/channel\/UCTQJpfVjcCYNvA5DkWhTRPA\" target=\"_blank\" title=\"Twitter\" >\n\t\t\t\t\t\t\t\t\t\n\t\t\t\t\t\t<span class=\"screen-reader-text\">youtube<\/span>\n\t\t\t\n\t\t\t\t\t\t<span class=\"zoom-social_icons-list-span social-icon socicon socicon-youtube\" data-hover-rule=\"background-color\" data-hover-color=\"#e02a20\" style=\"background-color : #e02a20; font-size: 18px; padding:8px\" ><\/span>\n\t\t\t\n\t\t\t\t\t<\/a>\n\t<\/li>\n\n\t\n\t\t\t\t<li class=\"zoom-social_icons-list__item\">\n\t\t<a class=\"zoom-social_icons-list__link\" href=\"https:\/\/www.instagram.com\/invites\/contact\/?i=161p9q7kd3cgy&#038;utm_content=lg2elnn\" target=\"_blank\" title=\"Instagram\" >\n\t\t\t\t\t\t\t\t\t\n\t\t\t\t\t\t<span class=\"screen-reader-text\">instagram<\/span>\n\t\t\t\n\t\t\t\t\t\t<span class=\"zoom-social_icons-list-span social-icon socicon socicon-instagram\" data-hover-rule=\"background-color\" data-hover-color=\"#e4405f\" style=\"background-color : #e4405f; font-size: 18px; padding:8px\" ><\/span>\n\t\t\t\n\t\t\t\t\t<\/a>\n\t<\/li>\n\n\t\n\t\t\t\t<li class=\"zoom-social_icons-list__item\">\n\t\t<a class=\"zoom-social_icons-list__link\" href=\"https:\/\/g.page\/r\/CR_4e9kw-7k8EA0\" target=\"_blank\" title=\"Default Label\" >\n\t\t\t\t\t\t\t\t\t\n\t\t\t\t\t\t<span class=\"screen-reader-text\">angieslist<\/span>\n\t\t\t\n\t\t\t\t\t\t<span class=\"zoom-social_icons-list-span social-icon socicon socicon-angieslist\" data-hover-rule=\"background-color\" data-hover-color=\"#299F37\" style=\"background-color : #299F37; font-size: 18px; padding:8px\" ><\/span>\n\t\t\t\n\t\t\t\t\t<\/a>\n\t<\/li>\n\n\t\n\t\t\t\t<li class=\"zoom-social_icons-list__item\">\n\t\t<a class=\"zoom-social_icons-list__link\" href=\"https:\/\/g.page\/r\/CZDT_sKOKcdYEA0\" target=\"_blank\" title=\"Default Label\" >\n\t\t\t\t\t\t\t\t\t\n\t\t\t\t\t\t<span class=\"screen-reader-text\">angieslist<\/span>\n\t\t\t\n\t\t\t\t\t\t<span class=\"zoom-social_icons-list-span social-icon socicon socicon-angieslist\" data-hover-rule=\"background-color\" data-hover-color=\"#299F37\" style=\"background-color : #299F37; font-size: 18px; padding:8px\" ><\/span>\n\t\t\t\n\t\t\t\t\t<\/a>\n\t<\/li>\n\n\t\n<\/ul>\n\n\t\t\t\t<\/div>\n\t\t\t\t<\/div>\n\t\t\t\t\t<\/div>\n\t\t<\/div>\n\t\t\t\t<div class=\"elementor-column elementor-col-25 elementor-top-column elementor-element elementor-element-7d1c30a\" data-id=\"7d1c30a\" data-element_type=\"column\">\n\t\t\t<div class=\"elementor-widget-wrap elementor-element-populated\">\n\t\t\t\t\t\t\t\t<div class=\"elementor-element elementor-element-62b10df elementor-widget elementor-widget-image\" data-id=\"62b10df\" data-element_type=\"widget\" data-widget_type=\"image.default\">\n\t\t\t\t<div class=\"elementor-widget-container\">\n\t\t\t\t\t\t\t\t\t\t\t\t\t\t\t<img width=\"696\" height=\"1024\" src=\"https:\/\/www.bibifood.sk\/wp-content\/uploads\/2021\/06\/Macko-zeleny-696x1024.jpg\" class=\"attachment-large size-large wp-image-443\" alt=\"\" loading=\"lazy\" srcset=\"https:\/\/www.bibifood.sk\/wp-content\/uploads\/2021\/06\/Macko-zeleny-696x1024.jpg 696w, https:\/\/www.bibifood.sk\/wp-content\/uploads\/2021\/06\/Macko-zeleny-204x300.jpg 204w, https:\/\/www.bibifood.sk\/wp-content\/uploads\/2021\/06\/Macko-zeleny-768x1130.jpg 768w, https:\/\/www.bibifood.sk\/wp-content\/uploads\/2021\/06\/Macko-zeleny.jpg 922w\" sizes=\"(max-width: 696px) 100vw, 696px\" \/>\t\t\t\t\t\t\t\t\t\t\t\t\t\t\t<\/div>\n\t\t\t\t<\/div>\n\t\t\t\t\t<\/div>\n\t\t<\/div>\n\t\t\t\t<div class=\"elementor-column elementor-col-25 elementor-top-column elementor-element elementor-element-46ac215\" data-id=\"46ac215\" data-element_type=\"column\">\n\t\t\t<div class=\"elementor-widget-wrap elementor-element-populated\">\n\t\t\t\t\t\t\t\t<div class=\"elementor-element elementor-element-e5c19fa elementor-view-default elementor-mobile-position-top elementor-vertical-align-top elementor-widget elementor-widget-icon-box\" data-id=\"e5c19fa\" data-element_type=\"widget\" data-widget_type=\"icon-box.default\">\n\t\t\t\t<div class=\"elementor-widget-container\">\n\t\t\t\t\t<div class=\"elementor-icon-box-wrapper\">\n\t\t\t\t\t\t<div class=\"elementor-icon-box-icon\">\n\t\t\t\t<span class=\"elementor-icon elementor-animation-\" >\n\t\t\t\t<i aria-hidden=\"true\" class=\"fas fa-phone\"><\/i>\t\t\t\t<\/span>\n\t\t\t<\/div>\n\t\t\t\t\t\t<div class=\"elementor-icon-box-content\">\n\t\t\t\t<h3 class=\"elementor-icon-box-title\">\n\t\t\t\t\t<span  >\n\t\t\t\t\t\t\t\t\t\t\t<\/span>\n\t\t\t\t<\/h3>\n\t\t\t\t\t\t\t\t\t<p class=\"elementor-icon-box-description\">\n\t\t\t\t\t\t<a href=\"tel:+421474882222\">+421 47 4882222<\/a>\t\t\t\t\t<\/p>\n\t\t\t\t\t\t\t<\/div>\n\t\t<\/div>\n\t\t\t\t<\/div>\n\t\t\t\t<\/div>\n\t\t\t\t<div class=\"elementor-element elementor-element-4764b56 elementor-view-default elementor-vertical-align-top elementor-widget elementor-widget-icon-box\" data-id=\"4764b56\" data-element_type=\"widget\" data-widget_type=\"icon-box.default\">\n\t\t\t\t<div class=\"elementor-widget-container\">\n\t\t\t\t\t<div class=\"elementor-icon-box-wrapper\">\n\t\t\t\t\t\t<div class=\"elementor-icon-box-content\">\n\t\t\t\t<h3 class=\"elementor-icon-box-title\">\n\t\t\t\t\t<span  >\n\t\t\t\t\t\t\t\t\t\t\t<\/span>\n\t\t\t\t<\/h3>\n\t\t\t\t\t\t\t\t\t<p class=\"elementor-icon-box-description\">\n\t\t\t\t\t\t<a href=\"tel:+421917717727\">+421 47 4882222<\/a>\t\t\t\t\t<\/p>\n\t\t\t\t\t\t\t<\/div>\n\t\t<\/div>\n\t\t\t\t<\/div>\n\t\t\t\t<\/div>\n\t\t\t\t<div class=\"elementor-element elementor-element-0b04a20 elementor-view-default elementor-mobile-position-top elementor-vertical-align-top elementor-widget elementor-widget-icon-box\" data-id=\"0b04a20\" data-element_type=\"widget\" data-widget_type=\"icon-box.default\">\n\t\t\t\t<div class=\"elementor-widget-container\">\n\t\t\t\t\t<div class=\"elementor-icon-box-wrapper\">\n\t\t\t\t\t\t<div class=\"elementor-icon-box-icon\">\n\t\t\t\t<span class=\"elementor-icon elementor-animation-\" >\n\t\t\t\t<i aria-hidden=\"true\" class=\"far fa-envelope\"><\/i>\t\t\t\t<\/span>\n\t\t\t<\/div>\n\t\t\t\t\t\t<div class=\"elementor-icon-box-content\">\n\t\t\t\t<h3 class=\"elementor-icon-box-title\">\n\t\t\t\t\t<span  >\n\t\t\t\t\t\t\t\t\t\t\t<\/span>\n\t\t\t\t<\/h3>\n\t\t\t\t\t\t\t\t\t<p class=\"elementor-icon-box-description\">\n\t\t\t\t\t\t<a href=\"mailto:bibi@bibifood.sk\">bibi@bibifood.sk<a\/>\t\t\t\t\t<\/p>\n\t\t\t\t\t\t\t<\/div>\n\t\t<\/div>\n\t\t\t\t<\/div>\n\t\t\t\t<\/div>\n\t\t\t\t\t<\/div>\n\t\t<\/div>\n\t\t\t\t\t\t\t<\/div>\n\t\t<\/section>\n\t\t\t\t\t\t\t<\/div>\n\t\t","protected":false},"excerpt":{"rendered":"<p>SILMARK Omega 3-6-9 30 kaps\u00fal Kyseliny omega-3, omega-6 a omega-9 s\u00fa pre na\u0161e spr\u00e1vne fungovanie nevyhnutn\u00e9, ale na\u0161e telo si ich nedok\u00e1\u017ee samo vyrobi\u0165, preto ich mus\u00edme dod\u00e1va\u0165 zvonka.\u00a0Tieto zdrav\u00e9 tuky maj\u00fa v tele mno\u017estvo prospe\u0161n\u00fdch funkci\u00ed, preto by ste sa o ne mali stara\u0165 v spr\u00e1vnom mno\u017estve. Omega-3 mastn\u00e9 kyseliny patria medzi najob\u013e\u00fabenej\u0161ie zo skupiny omega, s\u00fa zodpovedn\u00e9 okrem in\u00e9ho za spomalenie procesov starnutia tela, regul\u00e1ciu krvn\u00e9ho tlaku, lep\u0161iu funkciu mozgu alebo r\u00fdchlej\u0161\u00ed rast a regener\u00e1ciu svalov.\u00a0Okrem toho zlep\u0161uj\u00fa zrak, podporuj\u00fa fungovanie imunitn\u00e9ho syst\u00e9mu a pou\u017e\u00edvaj\u00fa sa na lie\u010dbu v\u00fdkyvov n\u00e1lady a depresi\u00ed.\u00a0Vykazuj\u00fa antikoagula\u010dn\u00e9 a protiz\u00e1palov\u00e9 vlastnosti a tie\u017e podporuj\u00fa procesy redukcie tukov, tak\u017ee ich m\u00f4\u017eu pou\u017e\u00edva\u0165 \u013eudia s di\u00e9tou. Omega-6 mastn\u00e9 kyseliny s\u00fa u\u017eito\u010dn\u00e9 v prevencii rakoviny, preto\u017ee brzdia ich v\u00fdvoj.\u00a0Vyzna\u010duj\u00fa sa tie\u017e radom \u010fal\u0161\u00edch vlastnost\u00ed, ako je regul\u00e1cia hladiny cholesterolu v krvi, zlep\u0161ovanie stavu vlasov, poko\u017eky a nechtov.\u00a0Zni\u017euj\u00fa riziko srdcov\u00e9ho infarktu a mozgovej pr\u00edhody. Omega-9 mastn\u00e9 kyseliny&hellip;<\/p>\n<p> <a class=\"more-link\" href=\"https:\/\/www.bibifood.sk\/index.php\/silmark-omega-3-6-9-30-kapsul\/\">Read more<\/a><\/p>\n","protected":false},"author":1,"featured_media":0,"parent":0,"menu_order":0,"comment_status":"closed","ping_status":"closed","template":"elementor_header_footer","meta":[],"_links":{"self":[{"href":"https:\/\/www.bibifood.sk\/index.php\/wp-json\/wp\/v2\/pages\/319"}],"collection":[{"href":"https:\/\/www.bibifood.sk\/index.php\/wp-json\/wp\/v2\/pages"}],"about":[{"href":"https:\/\/www.bibifood.sk\/index.php\/wp-json\/wp\/v2\/types\/page"}],"author":[{"embeddable":true,"href":"https:\/\/www.bibifood.sk\/index.php\/wp-json\/wp\/v2\/users\/1"}],"replies":[{"embeddable":true,"href":"https:\/\/www.bibifood.sk\/index.php\/wp-json\/wp\/v2\/comments?post=319"}],"version-history":[{"count":7,"href":"https:\/\/www.bibifood.sk\/index.php\/wp-json\/wp\/v2\/pages\/319\/revisions"}],"predecessor-version":[{"id":546,"href":"https:\/\/www.bibifood.sk\/index.php\/wp-json\/wp\/v2\/pages\/319\/revisions\/546"}],"wp:attachment":[{"href":"https:\/\/www.bibifood.sk\/index.php\/wp-json\/wp\/v2\/media?parent=319"}],"curies":[{"name":"wp","href":"https:\/\/api.w.org\/{rel}","templated":true}]}}